by (-51)/(-21) + 9/(-21).
1
Let t(z) = z**2 + 9*z + 10. Let k be t(-7). Let l(u) = u**2 + 3*u + 6. Calculate the remainder when (-38)/8*(-5 - -1) is divided by l(k).
9
Suppose -7*a + 208 = 68. Calculate the remainder when 39 is divided by a.
19
Suppose 4*k - 4*t = 25 + 11, -3*k + 4*t + 22 = 0. What is the remainder when (-6)/21 + (-373)/(-7) is divided by k?
11
Suppose -5*p - 60 = -p - 4*v, 4*v - 50 = 3*p. Calculate the remainder when (-8)/20 - 454/p is divided by (-1422)/(-117) + 2/(-13).
9
Suppose 139 = 2*q - 91. What is the remainder when q is divided by 39?
37
Suppose 6*w - 40 = w. What is the remainder when ((-69)/(-6))/(1/2) is divided by w?
7
Let y(m) = -m**2 + 6*m - 3. Let k be y(5). Let f = k + 4. Suppose -7*l + 4*l + 48 = 0. What is the remainder when l is divided by f?
4
Suppose 7*m = 3*m + 52. Let y(f) = f + 6. Let s be y(0). Suppose 0 = 3*k + 9, s*h + 3*k - 139 = 2*h. Calculate the remainder when h is divided by m.
11
Let t(f) = f**3 - 4*f**2 - 3*f + 6. Let l be t(4). Suppose -3*n + 4 = n. Calculate the remainder when 1 is divided by -2*(l/4 + n).
0
Suppose 5*f - 89 + 19 = 0. Let n = -34 - f. What is the remainder when (-5)/(15/n) - 2 is divided by 5?
4
Let f be -154*(-1 + 2 - 3/6). Suppose 0 = -u - 0*u - 4*c + 108, -u + 132 = -4*c. Let i = u + f. What is the remainder when i is divided by 11?
10
Suppose 5*s - 47 = 3*v + 16, -31 = -s - 4*v. What is the remainder when s is divided by 8 + 4 + 3 - 7?
7
Let j be (1 - 7)/(-3) - 1. Let u be j*2*(-9)/6. What is the remainder when 1 is divided by (4 - 2) + 2 + u?
0
Let g(v) = 2*v + 9. What is the remainder when 0 + -2 - -25*1 is divided by g(2)?
10
Let n(h) = -h**3 + 22*h**2 + 51*h - 32. Suppose 3*f - 57 = 3*o, 2*f + o = 4*f - 40. What is the remainder when n(24) is divided by f?
19
Suppose 3*b + 2*b - 140 = 0. Suppose 4*s + t - 4*t + b = 0, 20 = -3*s + 2*t. Calculate the remainder when 20 is divided by s - -7 - 4/(-1).
6
Let l(p) = -p + 6. Let w be l(6). Suppose -3*u + 5*t + 23 = w, -2*t = 4*u + 2*t - 20. What is the remainder when 16 is divided by u?
4
Suppose 4*r - 5 - 27 = 0. Suppose -2*t = -4*t + r. What is the remainder when 6 is divided by t?
2
Let u be ((-6)/(-3))/(4/6). Suppose u*r = 38 + 118. Suppose -r = q - 5*q. What is the remainder when 24 is divided by q?
11
Let m(s) = -2*s + 5. Let l be m(-5). Calculate the remainder when (-28)/(-5) - (-6)/l is divided by 4.
2
What is the remainder when (-208)/(-7) - (-6)/21 is divided by ((-2)/(-1))/((30/(-48))/(-5))?
14
Let d be (2/(-7))/((-10)/70). Let s be ((-1)/2)/(2/(-16)). Suppose w - 3*c - 14 = d, -w = 3*c - s. Calculate the remainder when w is divided by 6.
4
Suppose -4*r = -8*r + 88. Calculate the remainder when 65 is divided by r.
21
Suppose -n + 6 = -0*n. Let j be (-1 - 2)*(-3)/9. Let m = j + 3. Calculate the remainder when n is divided by m.
2
Let h(n) = -2*n - 2. Calculate the remainder when 62 is divided by h(-5).
6
Suppose 36*j = 33*j + 93. Calculate the remainder when 59 is divided by j.
28
Let k(b) = -23*b - 15. Calculate the remainder when k(-4) is divided by 16.
13
Suppose 2*b + 19 = 5*h, 3*b + 3 = 4*h - 8. Suppose b*x = -3*r + 78, -2*x + r = 5*r - 46. Calculate the remainder when x is divided by 10.
9
Let n = -7 - -10. Calculate the remainder when 12/9*75/10 is divided by n.
1
Let r(c) = 4*c - 10. What is the remainder when r(8) is divided by 6?
4
Let p(z) = 2*z - 2. Let m be p(-2). Let x = 18 + m. Suppose 0 = -2*d + 3*k - 6*k + 5, 2*d - 2*k = 20. What is the remainder when x is divided by d?
5
Let c(s) be the second derivative of -s**4/12 - 4*s**3/3 + 3*s**2/2 + 2*s. What is the remainder when c(-8) is divided by 1?
0
Suppose 5*c + g - 18 = -g, 0 = -5*c + 4*g - 6. Let o = 0 + c. Calculate the remainder when o is divided by 1.
0
What is the remainder when (-3 - 0)/(-2 + 326/166) is divided by 18?
11
Let y be ((-4)/((-4)/(-3)))/(-1). Let t(j) = j**2 - 12*j + 13. What is the remainder when t(11) is divided by (2 - y) + 2 + 0?
0
Suppose -7*n + 228 = 46. Let v = 27 + 21. Calculate the remainder when v is divided by n.
22
Let k(j) = 3*j**2 + 25*j - 1. Let v(d) = d**2 + 8*d. Let m(z) = -6*k(z) + 17*v(z). Calculate the remainder when 10 is divided by m(-14).
4
Let o(s) = 46*s - 8. Calculate the remainder when o(3) is divided by 44.
42
Calculate the remainder when 42 is divided by (-8)/4 + -2 + 26.
20
Calculate the remainder when 63 is divided by 198/(-24)*8/(-3) + 0.
19
Suppose 2*u = i + 39 - 8, 0 = 5*u + 5*i - 85. What is the remainder when (0 - 1)*(-63 + 2) is divided by u?
13
Suppose 117 - 39 = 2*g. Let y = g + -27. Calculate the remainder when 14/(-8)*-10*2 is divided by y.
11
Suppose v + 3*v = 0. Let d(m) = -5*m - 3*m + v + 1. What is the remainder when 49 is divided by d(-2)?
15
Suppose -2*o - o - v + 460 = 0, -748 = -5*o + 3*v. What is the remainder when o is divided by 11?
9
Let o(f) = 10*f**2 + 4*f + 4. What is the remainder when 36 is divided by o(-1)?
6
What is the remainder when ((-8)/(-2) + -82)/(-2) is divided by 6?
3
Suppose -3 = -2*c + 7. Suppose -3*h - 4*p + 42 = 0, -c*p = -7 - 8. What is the remainder when 10 is divided by 84/15 - (-4)/h?
4
Let x = 61 - 16. Suppose -3*o - 3*s + x = 0, -2*s = -2*o + 45 + 5. What is the remainder when (-353)/(-9) - (-2)/(-9) is divided by o?
19
Let y = -1 + 8. Let s = y + -2. Calculate the remainder when 24 is divided by s.
4
Suppose -5*u = -5*j - 0*u + 30, -4*j - 2*u = -18. Suppose 8*b = 2*n + 3*b - 19, -5*b - j = 5*n. What is the remainder when (n - (1 - 1)) + 17 is divided by 10?
9
Let z = 18 + 19. Suppose 5*n = -p - 0*n - 25, -n - 21 = p. Let c = -7 - p. Calculate the remainder when z is divided by c.
11
Let v be 2/(-6) + 548/(-12). Let u be v/3 + (-4)/(-12). Let d = u - -22. Calculate the remainder when d is divided by 3.
1
Let j be (-18)/(-12)*(-30)/(-9). Suppose -75 = -j*s - 0*s. Let f = 12 - 3. What is the remainder when s is divided by f?
6
Let j = -44 + 64. Suppose 13*z - 1070 = -316. What is the remainder when z is divided by j?
18
Suppose m = -3, -5*h + 4*h - 15 = 5*m. Suppose b = -h*b + 25. Suppose 6*d = d + b. What is the remainder when d is divided by 2?
1
Let k(j) = j + 1. Let d be k(3). Suppose -3*c + d = 3*z - 8, 0 = z - 4*c + 6. Suppose z*i - 46 - 6 = 0. Calculate the remainder when i is divided by 9.
8
Let g be (-9)/2*6/9. Let m(s) = -8*s + 2. What is the remainder when m(g) is divided by 14?
12
Suppose 3*t + t = 92. Suppose 0 = -5*i - 4*l + 20, 0 = 5*l - 4*l. Calculate the remainder when t is divided by (-2 + 11)*i/3.
11
Suppose 0 = 3*i - 20 - 52. Calculate the remainder when 71 is divided by i.
23
Let q = 86 + -71. Calculate the remainder when 104 is divided by q.
14
Let l(j) = j + 1. Suppose 2*r - 10 = -4. Calculate the remainder when (-18)/(-54) + (-52)/(-6) is divided by l(r).
1
Let w(i) = i**2 - 2*i - 42. What is the remainder when w(-8) is divided by (-142)/(-7) + 6/(-21)?
18
Let n be 2/1 - (1 - 59). Suppose -102 = -4*s + m, 2*s - 4*s - 4*m = -n. Suppose 0 = -o - o + s. Calculate the remainder when 37 is divided by o.
11
Suppose -k - 4*i + 14 = -0*k, -i + 108 = 5*k. Calculate the remainder when k is divided by 12.
10
Suppose -4*i = 2*t - 32, -4*i = -4*t - 14 - 18. Suppose -4*j = 2*p - 26, -14 = -0*p + 2*p - 4*j. What is the remainder when 1*(p + -2)*14 is divided by i?
6
Let x(u) = 8*u**2 + 3*u. Suppose 5*t + 6 = -4. Calculate the remainder when x(t) is divided by (0 - 4)*(-49)/14.
12
Suppose -5*z - 5*f = -330, -5*z - 2*f + 528 = 192. Calculate the remainder when (-4)/(-2) - (2 - z) is divided by -1 + (-3 - -11)*3.
22
Suppose 4*n + 61 = 3*x + 3*n, -5*x - 3*n = -111. What is the remainder when 81 is divided by x?
18
Let v be 2/6 + 88/6. Suppose 0 = 4*x - 13 - v. Calculate the remainder when x is divided by 4.
3
Let w(v) = 4*v - 8. Let g be w(7). Suppose -4*z = 5*t - 66, 3*t - z - g = 6. Let l(h) = h**2 + h - 2. What is the remainder when t is divided by l(2)?
2
Suppose 3*o = -2*o + 115. Calculate the remainder when o is divided by 5.
3
Suppose -4*h = 7 - 219. Suppose -o + 0*d = 2*d - 16, -2*o = -3*d - h. Calculate the remainder when o is divided by 6.
4
Let k(z) = -z**3 + 3*z**2 + 13*z + 14. Let y = 41 - 25. Calculate the remainder when k(5) is divided by y.
13
Suppose -7*c + 5*c = -34. Suppose -53 + c = -4*h. Calculate the remainder when h is di